. Calculate the highest common factor of 275 and f.
25
Let v(j) = 12*j**2 - 48*j + 386. Let u be v(8). Calculate the greatest common divisor of u and 70.
70
Let j(p) = -14*p**2 + 5*p + 7. Let l be j(-5). Let h be l/(-26) + 2/(-13). Calculate the greatest common factor of h and 2.
2
Suppose 0 = -i + 5*i - 12, 0 = 5*b + 4*i + 78. Let x(n) = n**2 + 17*n. Let k be x(b). What is the highest common factor of k and 54?
18
Let f(n) = -15*n + 1. Let c be f(-1). Let d(m) = 12*m - 4. Suppose -67*t + 65*t + 2 = 0. Let g be d(t). What is the greatest common divisor of c and g?
8
Suppose 5*v + 107 = 3*g - 78, -169 = -3*g + v. Suppose 2*a + 4*n = 1 + 9, 2*a + 4 = 3*n. Suppose -2*i + a = -21. What is the greatest common factor of i and g?
11
Let a be ((-48)/(-10))/(6/20). Suppose a + 219 = 5*m. Suppose 0 = 6*h - 1 - m. What is the highest common factor of h and 32?
8
Let a be ((-6)/(-10) - (-560)/25) + -3. Let w be (-14)/(-8)*a/(0 - -5). Calculate the greatest common factor of 1 and w.
1
Let l(o) = -2*o**2 - 26*o + 6. Suppose -2*j + 9 = 29. Let y be l(j). Calculate the highest common factor of y and 6.
6
Let f = 16 - -68. Let v be (-112)/6*(-15)/5. What is the highest common divisor of f and v?
28
Let l be 51/(-15) + 3 - 2031/(-15). What is the highest common divisor of 63 and l?
9
Suppose -20*o + 9*o = -1056. Calculate the highest common factor of 12 and o.
12
Let v(r) = r**3 + 3*r**2 + r + 3. Let m be v(-2). Suppose m*b = 3*c + 106, -3*c + 42 = 2*b - 4*c. What is the highest common divisor of b and 180?
20
Suppose -3*p - 14 = 5*d + 13, 5*p = 5*d + 35. Let z(y) = y + 2. Let r be z(d). Let o be (46 + 6)/(r/(-18)). Calculate the greatest common factor of 26 and o.
26
Let m = 44 - 23. Suppose 1044 + 381 = 5*o. Suppose -2*v = 3*k - o, -294 - 15 = -2*v + 5*k. What is the highest common divisor of m and v?
21
Suppose -2*j = -j - 13. Suppose j*o + 44 = 17*o. Suppose -2*g + 88 = 4*q + 3*g, -q = -2*g - 22. What is the highest common factor of q and o?
11
Suppose 26 = -5*h - 64. Let a = h - -43. Let b = 42 - a. What is the highest common divisor of b and 34?
17
Let c = 27 + -20. Suppose -5 = -c*a + 79. What is the highest common divisor of 108 and a?
12
Let i(k) = -k**2 + 9. Let a be i(0). Suppose -30*l = -2842 + 682. What is the highest common divisor of l and a?
9
Suppose 6*k - 11*k - s + 9 = 0, k - 5*s + 19 = 0. Suppose -25 = -3*p + 23. What is the highest common factor of k and p?
1
Suppose 0 = -3*p, -86 = -2*a - p - p. Suppose -q + 22 + a = 0. Calculate the highest common factor of 13 and q.
13
Suppose 4*i = 4*k + 216, -4*i + 28 = -k - 38. Let v = k - -54. Calculate the greatest common factor of v and 12.
4
Let r(k) be the third derivative of 2*k**5/15 + 13*k**4/12 - 2*k**3/3 - 37*k**2. Let i be r(-6). What is the highest common divisor of i and 32?
32
Let y(z) = z**2 - 9*z - 22. Let x be (-10)/(-4)*((-52)/20 - -1). Let m be y(x). What is the greatest common factor of m and 20?
10
Suppose 445 = 4*p - 3*y - 215, 5*p - 828 = 3*y. What is the greatest common factor of p and 126?
42
Suppose -4*i + 18 = 2. Suppose -i*k - 18 = 14. Let p be 48 + k/(-4) + -2. Calculate the greatest common factor of p and 16.
16
Let l = -355 + 467. What is the greatest common divisor of l and 14?
14
Let x be (3/(-3))/(1/(-9)). Let f(g) = g**3 - 10*g**2 + 9*g + 4. Let v be f(x). Suppose 4*t = 3*t + v. What is the greatest common divisor of 12 and t?
4
Let j(l) = 8*l**2 + 6*l + 6. Let b be j(-3). Let c be 238/10 + (-48)/b. Calculate the highest common divisor of c and 69.
23
Let x be 3562/11 - 4/(-22). Calculate the highest common factor of x and 12.
12
Suppose -2 = i - 6. Suppose q - 120 = -i*q. Calculate the highest common divisor of 8 and q.
8
Let y(u) = -2*u**3 - 53*u**2 + 5*u + 105. Let q be y(-27). Calculate the highest common divisor of 3 and q.
3
Let n be (-38250)/180*(-6)/5. What is the greatest common divisor of n and 170?
85
Let v(s) = 5*s + 4. Let x be v(7). Calculate the greatest common factor of x and 156.
39
Suppose 32*s = 14971 + 7909. Calculate the highest common factor of s and 110.
55
Let j(n) = -n**2 + 9*n - 9. Let f be j(7). Suppose -3*p = 5*o - o - 484, -5*o = -f*p - 605. Calculate the highest common divisor of o and 11.
11
Let p be -21 + 2 + 0/3. Let b = p - -31. Let u be (21 - 3) + -4 + 10. What is the greatest common factor of b and u?
12
Let c = -14 - -24. Let a be ((-20)/5 + c)*(1 - -2). Let l(s) = 8*s - 5. Let u be l(4). Calculate the highest common divisor of u and a.
9
Let v = 0 - -5. Let p = -1 - -3. Suppose -8 = -p*i, -2*u + 60 = v*i - 290. Calculate the greatest common factor of u and 15.
15
Let v = 6 + -7. Let a = 14 + v. Suppose 12*u - 14*u = -208. Calculate the highest common factor of a and u.
13
Let p(y) = -4*y**2 + 3*y + 2424. Let h be p(0). What is the highest common factor of 24 and h?
24
Suppose -4*h + 8*h + 30 = 2*d, 0 = 2*d - 2*h - 30. Suppose -12 = -3*j + 6. Calculate the highest common divisor of d and j.
3
Suppose 0 = 16*f - 127 - 113. Calculate the highest common factor of f and 30.
15
Let h(k) = 34*k**2 - 12*k - 27. Let g be h(-3). What is the highest common divisor of 140 and g?
35
Let w = -3 + 3. Suppose -4*r + 12 = w, 15*r = 5*p + 10*r - 615. What is the greatest common factor of p and 18?
18
Let g = 10 - -1. Let o = -12 + 14. Let v be (o/3)/(2/66). Calculate the greatest common factor of v and g.
11
Let p(x) = -x**3 + 13*x**2 - 20*x. Let t be p(10). Suppose u - 3*u + 20 = 0. Calculate the highest common factor of t and u.
10
Suppose 0 = 5*g - 81 - 59. Let o = 52 - g. Calculate the highest common divisor of 48 and o.
24
Suppose 2*i = 3*s + 21, -s - 2*s + 4*i = 27. Let j(w) = -w + 22. Let l be j(s). Calculate the highest common divisor of l and 9.
9
Let j be (-3 - -6)/3*20. Calculate the greatest common factor of 20 and j.
20
Let t(m) = -6*m + 0*m + 8 + 7*m. Let a be t(-2). Calculate the highest common divisor of a and 2.
2
Let d(v) = -9*v + 312. Let w be d(26). Calculate the greatest common factor of 117 and w.
39
Suppose 4*l - 12 = 2*l. Suppose r - l = 1. What is the highest common divisor of 56 and r?
7
Let j(b) be the second derivative of -23*b**4/4 + b**3/3 - b**2/2 + 8*b. Let p be j(1). Let o = -20 - p. What is the highest common divisor of 12 and o?
12
Let k be (6*16)/6 + -1. Calculate the greatest common divisor of k and 405.
15
Let w = -7 + 4. Let n = w - -14. Suppose 0 = -2*s + 8, -4*p - 2*s = -s - 400. What is the highest common divisor of n and p?
11
Suppose 4*i - 120 = 2*a - 32, 0 = 2*i + 3*a - 44. Let w be 99/(-2 + 5)*1. Calculate the greatest common factor of i and w.
11
Suppose -10 = -2*y, 2*y - 58 = 3*u - 6*u. Calculate the highest common divisor of 608 and u.
16
Let t = 11 + -8. Suppose -7*a = -67*a + 120. What is the greatest common factor of a and t?
1
Let z be (297/22)/9*12. Suppose -2*o + o + 9 = 0. Calculate the highest common factor of z and o.
9
Suppose -3*s = 3*n + 159, -3*s - 3*n = 2*s + 267. Let l = -33 - s. Calculate the highest common divisor of l and 189.
21
Let a = 8 + 11. Let v = -78 - -90. Let s be (v + 32)*(-10)/(-8) - -2. Calculate the highest common factor of a and s.
19
Suppose -179 - 73 = -9*f. What is the highest common divisor of f and 518?
14
Let y be 6/(-18)*-438 + (-3 + 4)*-2. Suppose x - 4*l = -0*x + 16, -48 = -3*x + l. What is the greatest common factor of y and x?
16
Let w be (-2 - 0)*(31 + -33). Calculate the greatest common divisor of w and 956.
4
Let k = 354 + -341. What is the highest common factor of k and 689?
13
Let f(m) = 2*m**2 + 2*m. Let t be f(5). Suppose -5*j = -j. Suppose -5*u = 2*b - 68, 5*b + j*u - 104 = 4*u. Calculate the greatest common divisor of b and t.
12
Let f = 31 - 15. Suppose -l + 6 = -10. Calculate the highest common factor of f and l.
16
Let z be (-18)/81 + 2380/18. Suppose -336 = -9*g - 5*g. Calculate the highest common divisor of z and g.
12
Let p(v) = 2*v**3 - 7*v**2 + 20*v - 2. Let i be p(10). What is the greatest common divisor of i and 28?
14
Let c = -438 - -634. What is the greatest common divisor of c and 28?
28
Let b = -20 - -46. Let t be 238 + 4 + (-64)/(-24)*-3. What is the greatest common factor of b and t?
26
Let o(n) = -3*n**2 - 25*n + 6. Suppose a - 4*a - 24 = -2*m, 0 = -4*a + 4*m - 32. Let i be o(a). What is the greatest common divisor of 21 and i